{"id":718,"date":"2019-04-08T22:22:16","date_gmt":"2019-04-08T20:22:16","guid":{"rendered":"https:\/\/besserwissen.org\/?page_id=718"},"modified":"2024-11-23T16:23:17","modified_gmt":"2024-11-23T14:23:17","slug":"presse","status":"publish","type":"page","link":"https:\/\/besserwissen.org\/?page_id=718","title":{"rendered":"Wir \u00fcber uns"},"content":{"rendered":"\n<div class=\"wp-block-group\"><div class=\"wp-block-group__inner-container is-layout-flow wp-block-group-is-layout-flow\">\n<p><strong><span style=\"color: #ff9900;\">besser: wissen<\/span><\/strong> setzt auf effiziente Bildung und soziale Kompetenz. Wir bieten unseren Kund*innen einen qualifizierten, effektiven und kurzweiligen Unterricht.<\/p>\n<p>Zielgruppe unserer Trainings sind Kinder und Jugendliche, die ihre schulischen Leistungen verbessern m\u00f6chten. Unser Unterricht bezieht den schulischen Lehrplan mit ein, ist aber mehr als Nachhilfe. Nicht nur der Lehrstoff wird vermittelt, sondern es geht auch um Selbstbewusstsein und sicheres Auftreten, um angstfreies Sprechen und um Freude am Unterricht.<\/p>\n<p>Unsere Trainings richten sich an Erwachsene, die privat oder beruflich Fremdsprachenkenntnisse ben\u00f6tigen oder im Deutschen durch Rhetorik, Phonetik und K\u00f6rperSprache stilsicher und versiert werden m\u00f6chten, um ihre Chancen auf dem Arbeitsmarkt zu verbessern. Zu unseren Kunden geh\u00f6ren das Jobcenter und die Arbeitsagentur L\u00fcbeck, Dr\u00e4ger, die Kendrion Kuhnke Automation GmbH und die Musikhochschule L\u00fcbeck.<\/p>\n<p>Die Inhalte unserer Trainings orientieren sich an den Bed\u00fcrfnissen und dem Leistungsstand der jeweiligen Gruppe, im Einzeltraining an den W\u00fcnschen und Zielen der Kund*innen.<\/p>\n<p>Unsere Lehrkr\u00e4fte sind Akademiker*innen. Vom Kieler Wirtschafts- bzw. Bildungsministerium sind wir als Bildungstr\u00e4ger umsatzsteuerbefreit. Fremdsprachen unterrichten ausschlie\u00dflich Muttersprachler*innen. Wir legen Wert darauf, dass unsere Lehrkr\u00e4fte \u00fcber p\u00e4dagogisches Talent verf\u00fcgen, um komplizierte Sachverhalte m\u00f6glichst anschaulich erkl\u00e4ren und die Kund*innen motivieren zu k\u00f6nnen.<\/p>\n<p>Alle Lehrkr\u00e4fte sehen sich als Teil eines Teams und identifizieren sich in einem hohen Ma\u00df mit unserem Institut und dessen Zielen.<\/p>\n<p>Unsere R\u00e4ume besitzen eine stilvolle, motivierende Atmosph\u00e4re. Unterrichtet werden Kinder und Erwachsene im Einzeltraining oder in Kleingruppen. Rhetorik und K\u00f6rperSprache bieten wir nur im Einzeltraining an.<\/p>\n<p>Unser Ziel ist es, unsere Kund*innen bei der Eingliederung in den Ausbildungs- und Arbeitsmarkt zu unterst\u00fctzen.<\/p>\n<p>Wissen ist der Schl\u00fcssel zum Erfolg. Mehr Zukunftschancen hat also, wer mehr wei\u00df. Daran arbeiten wir.<\/p>\n<ul>\n<li><a href=\"https:\/\/besserwissen.org\/?page_id=732\">AGB\u00a0<\/a><\/li>\n<li><a href=\"https:\/\/besserwissen.org\/?page_id=738\">Datenschutz<\/a><\/li>\n<li><a href=\"https:\/\/besserwissen.org\/?page_id=649\">Impressum<\/a><\/li>\n<\/ul>\n<\/div><\/div>\n","protected":false},"excerpt":{"rendered":"<p>besser: wissen setzt auf effiziente Bildung und soziale Kompetenz. Wir bieten unseren Kund*innen einen qualifizierten, effektiven und kurzweiligen Unterricht. Zielgruppe unserer Trainings sind Kinder und Jugendliche, die ihre schulischen Leistungen verbessern m\u00f6chten. Unser Unterricht bezieht den schulischen Lehrplan mit ein, ist aber mehr als Nachhilfe. Nicht nur der Lehrstoff wird vermittelt, sondern es geht auch &#8230; <a title=\"Wir \u00fcber uns\" class=\"read-more\" href=\"https:\/\/besserwissen.org\/?page_id=718\">Weiterlesen <span class=\"screen-reader-text\">Wir \u00fcber uns<\/span><\/a><\/p>\n","protected":false},"author":1,"featured_media":0,"parent":0,"menu_order":0,"comment_status":"closed","ping_status":"closed","template":"","meta":{"footnotes":""},"class_list":["post-718","page","type-page","status-publish"],"_links":{"self":[{"href":"https:\/\/besserwissen.org\/index.php?rest_route=\/wp\/v2\/pages\/718"}],"collection":[{"href":"https:\/\/besserwissen.org\/index.php?rest_route=\/wp\/v2\/pages"}],"about":[{"href":"https:\/\/besserwissen.org\/index.php?rest_route=\/wp\/v2\/types\/page"}],"author":[{"embeddable":true,"href":"https:\/\/besserwissen.org\/index.php?rest_route=\/wp\/v2\/users\/1"}],"replies":[{"embeddable":true,"href":"https:\/\/besserwissen.org\/index.php?rest_route=%2Fwp%2Fv2%2Fcomments&post=718"}],"version-history":[{"count":10,"href":"https:\/\/besserwissen.org\/index.php?rest_route=\/wp\/v2\/pages\/718\/revisions"}],"predecessor-version":[{"id":1528,"href":"https:\/\/besserwissen.org\/index.php?rest_route=\/wp\/v2\/pages\/718\/revisions\/1528"}],"wp:attachment":[{"href":"https:\/\/besserwissen.org\/index.php?rest_route=%2Fwp%2Fv2%2Fmedia&parent=718"}],"curies":[{"name":"wp","href":"https:\/\/api.w.org\/{rel}","templated":true}]}}