{"id":900,"date":"2019-08-13T18:42:04","date_gmt":"2019-08-13T16:42:04","guid":{"rendered":"https:\/\/besserwissen.org\/?page_id=900"},"modified":"2025-02-06T17:19:43","modified_gmt":"2025-02-06T15:19:43","slug":"latein-fuer-gymnasiasten","status":"publish","type":"page","link":"https:\/\/besserwissen.org\/?page_id=900","title":{"rendered":"Latein f\u00fcr Gymnasiasten"},"content":{"rendered":"<p><strong>Latein<img loading=\"lazy\" decoding=\"async\" class=\"alignright  wp-image-1048\" src=\"https:\/\/besserwissen.org\/wp-content\/uploads\/2020\/11\/Sabine_2016_klein.jpg\" alt=\"\" width=\"190\" height=\"286\" srcset=\"https:\/\/besserwissen.org\/wp-content\/uploads\/2020\/11\/Sabine_2016_klein.jpg 407w, https:\/\/besserwissen.org\/wp-content\/uploads\/2020\/11\/Sabine_2016_klein-200x300.jpg 200w\" sizes=\"(max-width: 190px) 100vw, 190px\" \/><\/strong><\/p>\n<p>Unsere Trainerin Sabine Becker spricht flie\u00dfend Latein. Sie erkennt, wenn Sch\u00fcler strukturelle \u00dcbersetzungsprobleme haben und bemerkt, bei welchem grammatikalischen Thema jemand geistig ausgestiegen ist. An diesem Punkt setzt sie an, arbeitet zielgerichtet, aber mit viel lateinisch-rheinl\u00e4ndischem Humor das Verpasste nach. Die Sprache, die viele als knochentrocken und langweilig abtun, erweckt sie zum Leben.<\/p>\n<p><u><b>Pr\u00fcfungsvorbereitung Latein<\/b><\/u><\/p>\n<ul type=\"disc\">\n<li>Grammatik und \u00dcbersetzungstechniken<\/li>\n<li>Trainerin: Sabine Becker<\/li>\n<li>pro Monat: 147 Euro (Einzeltraining; w\u00f6chentlich 60 Minuten)<\/li>\n<li><b>nur im Einzeltraining<\/b><\/li>\n<\/ul>\n<p>Viele Kinder wissen schon fr\u00fch, dass sie als zweite Fremdsprache Latein w\u00e4hlen werden. Diesen Kindern bietet das Sprachinstitut\u00a0<b>besser: wissen<\/b>\u00a0die Gelegenheit, sich einen Startvorteil zu verschaffen.<\/p>\n<p>Eltern, die es ihren Kindern erm\u00f6glichen m\u00f6chten, in entspannter und motivierender Atmosph\u00e4re ein Basiswissen zu erwerben, k\u00f6nnen bei uns den \u201cSchnupperkurs Latein\u201d buchen. Er richtet sich an Kinder der 6. Klasse, die noch keine Vorkenntnisse besitzen.<br \/>\nDie Kinder bekommen ein Gef\u00fchl f\u00fcr diese reizvolle Sprache, k\u00f6nnen einfache S\u00e4tze bauen sowie \u00fcbersetzen und verf\u00fcgen \u00fcber erste Grammatikkenntnisse.<\/p>\n<p><u><b>Schnupperkurs Latein \/ Franz\u00f6sisch (Anf\u00e4nger!)<\/b><\/u><\/p>\n<ul type=\"disc\">\n<li>F\u00fcr Kinder der 6. Klasse, die Latein und Franz\u00f6sisch ausprobieren m\u00f6chten<\/li>\n<li>Grundlagen f\u00fcr \u00dcbersetzungstechniken (Latein), Aussprache, Grammatik, Wortschatz (Franz\u00f6sisch)<\/li>\n<li>Trainerinnen: Sabine Becker und Marianne Wauquier<\/li>\n<li>pro Monat: 99 Euro (2 Sch\u00fcler; w\u00f6chentlich 60 Minuten)<\/li>\n<li>pro Monat: 147 Euro (Einzeltraining; w\u00f6chentlich 60 Minuten)<\/li>\n<li>Beginn: auf Anfrage<\/li>\n<\/ul>\n<p><u><b>Latein f\u00fcr Gymnasiasten 7. Klasse<\/b><\/u><\/p>\n<ul type=\"disc\">\n<li>Grammatik und \u00dcbersetzungstechniken<\/li>\n<li>Trainerin: Sabine Becker<\/li>\n<li>pro Monat: 99 Euro (2 Sch\u00fcler; w\u00f6chentlich 60 Minuten)<\/li>\n<li>pro Monat: 147 Euro (Einzeltraining; w\u00f6chentlich 60 Minuten)<\/li>\n<li>auf Anfrage<\/li>\n<\/ul>\n<p><u><b>Latein f\u00fcr Gymnasiasten 9.\/10. Klasse<\/b><\/u><\/p>\n<ul type=\"disc\">\n<li>Grammatik und \u00dcbersetzungstechniken<\/li>\n<li>Trainerin: Sabine Becker<\/li>\n<li>pro Monat: 99 Euro (2 Sch\u00fcler; w\u00f6chentlich 60 Minuten)<\/li>\n<li>pro Monat: 147 Euro (Einzeltraining; w\u00f6chentlich 60 Minuten)<\/li>\n<li>auf Anfrage<\/li>\n<\/ul>\n<p>Latein steht in dem bedauerlichen Ruf eine tote Sprache zu sein. Dass man diese reizvolle Sprache nicht nur \u00fcbersetzen, sondern sehr wohl sprechen kann, zeigt der folgende Kurs. Er richtet sich an Menschen, die Latein in der Schule gelernt haben und sich noch gut an das Erlernte erinnern.<\/p>\n<p><u><b>lateinische Konversation (!)<\/b><\/u><\/p>\n<ul type=\"disc\">\n<li>\u00dcbersetzungen, aber auch Gespr\u00e4che auf Latein<\/li>\n<li>Trainerin: Sabine Becker<\/li>\n<li>pro Monat: 75 Euro (3 Personen; w\u00f6chentlich 60 Minuten)<\/li>\n<li>pro Monat: 99 Euro (2 Personen; w\u00f6chentlich 60 Minuten)<\/li>\n<li>auf Anfrage<\/li>\n<\/ul>\n","protected":false},"excerpt":{"rendered":"<p>Latein Unsere Trainerin Sabine Becker spricht flie\u00dfend Latein. Sie erkennt, wenn Sch\u00fcler strukturelle \u00dcbersetzungsprobleme haben und bemerkt, bei welchem grammatikalischen Thema jemand geistig ausgestiegen ist. An diesem Punkt setzt sie an, arbeitet zielgerichtet, aber mit viel lateinisch-rheinl\u00e4ndischem Humor das Verpasste nach. Die Sprache, die viele als knochentrocken und langweilig abtun, erweckt sie zum Leben. Pr\u00fcfungsvorbereitung &#8230; <a title=\"Latein f\u00fcr Gymnasiasten\" class=\"read-more\" href=\"https:\/\/besserwissen.org\/?page_id=900\">Weiterlesen <span class=\"screen-reader-text\">Latein f\u00fcr Gymnasiasten<\/span><\/a><\/p>\n","protected":false},"author":2,"featured_media":0,"parent":0,"menu_order":0,"comment_status":"closed","ping_status":"closed","template":"","meta":{"footnotes":""},"class_list":["post-900","page","type-page","status-publish"],"_links":{"self":[{"href":"https:\/\/besserwissen.org\/index.php?rest_route=\/wp\/v2\/pages\/900"}],"collection":[{"href":"https:\/\/besserwissen.org\/index.php?rest_route=\/wp\/v2\/pages"}],"about":[{"href":"https:\/\/besserwissen.org\/index.php?rest_route=\/wp\/v2\/types\/page"}],"author":[{"embeddable":true,"href":"https:\/\/besserwissen.org\/index.php?rest_route=\/wp\/v2\/users\/2"}],"replies":[{"embeddable":true,"href":"https:\/\/besserwissen.org\/index.php?rest_route=%2Fwp%2Fv2%2Fcomments&post=900"}],"version-history":[{"count":9,"href":"https:\/\/besserwissen.org\/index.php?rest_route=\/wp\/v2\/pages\/900\/revisions"}],"predecessor-version":[{"id":1545,"href":"https:\/\/besserwissen.org\/index.php?rest_route=\/wp\/v2\/pages\/900\/revisions\/1545"}],"wp:attachment":[{"href":"https:\/\/besserwissen.org\/index.php?rest_route=%2Fwp%2Fv2%2Fmedia&parent=900"}],"curies":[{"name":"wp","href":"https:\/\/api.w.org\/{rel}","templated":true}]}}